 151*b - 556. Give h(-54).
-1150
Let p(y) = -y**3 + 80*y**2 - 951*y + 305. Give p(14).
-73
Let q(a) = -370*a - 2303. Give q(0).
-2303
Let u(h) = -85*h**2 - 7903*h + 174. Give u(-93).
-12
Let c(k) = 501*k + 16944. Determine c(-34).
-90
Let z(t) = t**3 - 11*t**2 - 49*t + 317. What is z(7)?
-222
Let s(x) = -5*x**3 + 598*x**2 + 202*x + 4275. Give s(120).
-285
Let k(w) = -2*w**3 - 551*w**2 - 8808*w - 243. Give k(-17).
80
Let u(l) = -l**2 - 27*l + 11208. What is u(93)?
48
Let i(d) = -d**2 + 569*d - 3978. Determine i(7).
-44
Let w(u) = 905*u**2 + 4547*u + 117. Calculate w(-5).
7
Let r(t) = 4621*t + 52024. What is r(-11)?
1193
Let z(k) = 2*k**3 + 76*k**2 + 41*k - 125. Determine z(-38).
-1683
Let s(b) = 2788*b**2 + 117146*b + 2097. Determine s(-42).
-3
Let i(y) = -y**3 + 17*y**2 - 17*y + 1011. What is i(19)?
-34
Let y(n) = -30658*n - 275920. Determine y(-9).
2
Let d(l) = -5986*l + 149660. Calculate d(25).
10
Let z(w) = -3855*w - 50142. Calculate z(-13).
-27
Let i(b) = -b**3 - 136*b**2 + 128*b - 1206. What is i(-137)?
27
Let s(b) = b**3 - 83*b**2 + 598*b - 244. Calculate s(75).
-394
Let y(p) = -25*p**3 + 39*p**2 + 157*p - 16. Give y(-4).
1580
Let d(p) = -p**3 - 52*p**2 - 469*p + 2. Give d(-41).
740
Let x(o) = -5243*o - 46721. What is x(-9)?
466
Let d(u) = 6289*u**3 - 201246*u**2 - 108*u + 1405. Calculate d(32).
-3
Let n(q) = -50*q**2 - 6663*q - 1745. What is n(-133)?
-16
Let x(i) = -i**3 + 25*i**2 - 43*i - 41. Give x(6).
385
Let u(r) = -r**3 - 394*r**2 - 563*r - 66837. What is u(-393)?
-27
Let t(y) = 473*y + 37513. Give t(-78).
619
Let y(a) = 41*a**2 + 898*a - 244. Determine y(-22).
-156
Let t(r) = 5*r**2 + 228*r + 1981. What is t(-10)?
201
Let b(p) = -2170*p + 627. Calculate b(0).
627
Let n(r) = -70*r**2 - 177*r - 526. Give n(-3).
-625
Let l(f) = -13742*f + 123627. Determine l(9).
-51
Let m(q) = 6960*q - 55755. What is m(8)?
-75
Let s(k) = -5*k**2 - 4474*k - 53607. What is s(-12)?
-639
Let w(t) = -2967*t + 27865. What is w(9)?
1162
Let u(x) = -4121*x - 127729. What is u(-31)?
22
Let u(z) = -z**3 - 4*z**2 + 419*z + 848. Calculate u(-2).
2
Let x(z) = -2*z**3 + 295*z**2 - 851*z + 103480. Calculate x(147).
-8
Let r(j) = -70586*j + 423459. Determine r(6).
-57
Let o(d) = d**2 + 442*d + 22871. Give o(-382).
-49
Let r(s) = 20*s**2 + 82*s + 4. Determine r(-3).
-62
Let t(m) = -1492*m + 374664. What is t(251)?
172
Let h(m) = -122*m**3 + 3*m**2 - 10*m - 15. Give h(-2).
993
Let r(o) = -4*o**3 + 104*o**2 - 112*o + 11. Give r(1).
-1
Let n(z) = 11*z**2 + 70*z + 48. Calculate n(-2).
-48
Let g(w) = -91438*w - 914505. Determine g(-10).
-125
Let o(x) = -215*x + 24474. Calculate o(88).
5554
Let d(x) = -x**2 + 203*x + 74084. Give d(-189).
-4
Let t(x) = -62*x**2 + 92892*x + 255172. What is t(1501)?
2
Let b(u) = 1185*u + 33123. Calculate b(-26).
2313
Let r(j) = -j**2 - 39*j - 293. Calculate r(-21).
85
Let m(a) = -2*a**3 + 50*a**2 + 15*a - 1003. Determine m(24).
509
Let g(z) = 7*z**3 - 68*z**2 + 41*z + 375. Give g(-2).
-35
Let b(f) = f**2 + 4023*f + 1268904. Give b(-345).
-6
Let s(o) = 46*o**2 + 133*o + 697. What is s(-5)?
1182
Let b(u) = -5*u**3 - 2732*u**2 - 1089*u + 1001. Determine b(-546).
-637
Let p(f) = 1156*f - 5499. Calculate p(4).
-875
Let g(z) = -722*z - 13736. Give g(-19).
-18
Let f(q) = q**2 - 139485*q + 4183654. What is f(30)?
4
Let q(r) = -33*r**2 + 256*r - 2215. Calculate q(8).
-2279
Let o(i) = 2*i**3 + i**2 + 145*i - 574. What is o(4)?
150
Let v(j) = 1023*j + 682231. Give v(-667).
-110
Let d(p) = p**3 + 218*p**2 + 844*p - 2656. Determine d(-214).
-88
Let d(z) = -z**3 - 63*z**2 + 115*z - 10316. Determine d(-67).
-65
Let i(f) = 258*f + 16208. Give i(-63).
-46
Let g(d) = -d**3 + 35*d**2 + 292*d + 3037. Give g(42).
2953
Let x(a) = 7*a**2 - 658*a + 1365. Give x(92).
77
Let i(n) = -719*n + 67579. Determine i(94).
-7
Let r(k) = -k**3 + 62*k**2 + 766*k + 2690. Calculate r(73).
-11
Let s(w) = -3*w**3 + 133*w**2 + 93*w - 1187. Calculate s(45).
-1052
Let n(a) = 207*a**2 - 1179*a + 338. Calculate n(8).
4154
Let y(z) = -5305*z + 180781. Calculate y(34).
411
Let x(v) = v**2 + 4613*v + 59822. Calculate x(-13).
22
Let j(m) = -246*m**2 + 3691*m + 10. Determine j(15).
25
Let d(y) = -21*y**2 + 237*y + 5909. Give d(-12).
41
Let y(m) = -727*m + 15043. What is y(26)?
-3859
Let l(o) = -26*o + 187. What is l(-26)?
863
Let j(u) = -u**3 + 401*u**2 + 403*u - 349. Calculate j(402).
53
Let t(q) = -16406*q - 918658. Determine t(-56).
78
Let a(k) = -k**3 - 470*k**2 - 53704*k + 69. Determine a(-196).
69
Let a(v) = 1591*v - 477179. Determine a(300).
121
Let t(f) = -2191*f + 58961. Calculate t(27).
-196
Let u(z) = 435*z - 30892. Give u(71).
-7
Let k(o) = -495*o - 10475. Give k(-21).
-80
Let g(l) = l**2 + 5542*l + 404498. Determine g(-74).
-134
Let i(f) = 153418*f - 6903804. Calculate i(45).
6
Let c(n) = 10451*n - 52215. What is c(5)?
40
Let g(a) = -3*a**3 - 981*a**2 + 7*a + 2340. What is g(-327)?
51
Let o(z) = 294*z**2 + 963*z - 1929. Calculate o(2).
1173
Let l(s) = s**3 - 177*s**2 - 2008*s + 97648. What is l(185)?
-32
Let h(j) = 185*j - 20471. Calculate h(110).
-121
Let y(v) = -11*v**3 - 688*v**2 + 152*v - 10249. Give y(-63).
20
Let s(d) = -d**2 - 383*d - 21021. Give s(-67).
151
Let y(j) = 249*j**2 - 302*j - 1. Calculate y(1).
-54
Let x(s) = -4*s**3 + 641*s**2 + 1134*s - 909. Determine x(162).
-909
Let m(k) = 13*k**2 + 27*k - 156. Calculate m(9).
1140
Let d(i) = 9*i**2 + 299*i - 1923. Calculate d(-39).
105
Let a(g) = -273*g + 22464. Calculate a(82).
78
Let h(c) = -6*c**3 - 157*c**2 - 1315*c - 31. Calculate h(-8).
3513
Let r(c) = -9*c**2 - 1783*c - 1861. What is r(-197)?
109
Let h(b) = -2360*b + 18858. Determine h(8).
-22
Let m(r) = 156*r**2 - 365*r + 363. What is m(1)?
154
Let g(n) = -n**3 + 223*n**2 - 262*n + 8965. Give g(222).
85
Let k(i) = -18*i**2 - 1524*i + 3648. What is k(-87)?
-6
Let s(p) = 968770*p - 6781393. Give s(7).
-3
Let x(a) = -6781*a - 203622. What is x(-30)?
-192
Let b(w) = 10*w**3 + 3*w**2 + 387*w + 400. Determine b(-1).
6
Let c(s) = s**3 + 3*s**2 - 39*s + 79. Give c(-17).
-3304
Let k(a) = -a**3 + 1122*a**2 - 998*a - 124. Calculate k(1).
-1
Let y(k) = -3*k**2 + 210*k - 1037. What is y(48)?
2131
Let y(h) = h**3 - 309*h**2 - 50928*h - 1887. Determine y(428).
-175
Let n(i) = -9*i**2 + 352*i + 312. Calculate n(35).
1607
Let j(l) = -345609*l + 3456011. Determine j(10).
-79
Let x(z) = -15*z**2 - 7129*z + 42724. Calculate x(6).
-590
Let t(s) = -30*s**2 + 79*s - 148. Calculate t(6).
-754
Let g(t) = -480*t + 7664. Give g(8).
3824
Let q(c) = -1544*c - 30884. Give q(-20).
-4
Let l(t) = t**2 + 125*t + 4097. Calculate l(-49).
373
Let x(l) = 5*l**2 - 2384*l + 9551. What is x(4)?
95
Let y(p) = -10637*p + 27560472. What is y(2591)?
5
Let k(p) = p**2 - 26057*p + 442674. What is k(17)?
-6
Let t(i) = 2*i**3 + 231*i**2 - 153*i - 5036. Give t(-116).
-744
Let j(p) = -p**2 - 87024*p + 783310. Calculate j(9).
13
Let h(x) = 13*x - 2519. Calculate h(130).
-829
Let x(o) = 54196*o + 1029731. Calculate x(-19).
7
Let m(b) = -6*b**3 + 647*b**2 + 3204*b - 22. What is m(-5)?
883
Let v(p) = -p**2 + 46*p + 1370. Calculate v(64).
218
Let r(d) = d**3 - 34*d**2 - 61*d - 2470. Give r(35).
-3380
Let v(j) = -166*j + 112711. What is v(679)?
-3
Let w(z) = 8363383*z + 8363377. What is w(-1)?
-6
Let d(v) = -3*v**3 - 16*v**2 - 25*v + 14. Give d(-4).
50
Let z(q) = -q**3 + 203*q**2 - 1185*q + 549. Calculate z(197).
-42
Let k(z) = 21110*z + 13362646. Calculate k(-633).
16
Let b(n) = -776*n + 132938. Determine b(172).
-534
Let i(x) = -x**3 + 205*x**2 + 2158*x - 2376. What is i(-11)?
22
Let t(k) = 99505*k - 397786. Calculate t(4).
234
Let g(j) = -12185*j - 97448. Give g(-8).
32
Let h(f) = 57998*f - 115172. Determine h(2).
824
Let z(i) = -5331*i - 650366. Give z(-122).
16
Let l(r) = -1034*r - 136490. Calculate l(-132).
-2
Let s(a) = 141*a - 19009. Determine s(134).
-115
Let r(t) = -2364*t + 617001. Calculate r(261).
-3
Let k(x) = -32591*x + 619229. What is k(19)?
0
Let f(c) = -2*c**3 - 75*c**2 + 5743*c - 187. What is f(38)?
3
Let f(i) = -i**2 + 4257*i + 525166. Give f(-120).
-74
Let c(r) = -427*r**2 - 12601*r - 6331. What is c(-29)?
-9
Let d(f) = -f**2 - 175*f + 27476. Give d(-275).
-24
Let q(a) = 15*a**3 - 74*a**2 + 25*a - 15. What is q(5)?
135
Let o(u) = -u**3 + 57*u**2 - 131*u - 71. Calculate o(3).
22
Let g(c) = 82*c -